{"version":"1.0","provider_name":"Borne","provider_url":"https:\/\/friendsineurope.com\/nl-borne","author_name":"gerdcosse","author_url":"https:\/\/friendsineurope.com\/nl-borne\/author\/gerdcosse\/","title":"Portugese consul-generaal op inaugureel bezoek aan Rheine - Borne","type":"rich","width":600,"height":338,"html":"<blockquote class=\"wp-embedded-content\" data-secret=\"QGZTkAV6lp\"><a href=\"https:\/\/friendsineurope.com\/nl-borne\/2023\/05\/22\/portugese-consul-generaal-inaugurele-bezoek-rheine\/\">Portugese consul-generaal op inaugureel bezoek aan Rheine<\/a><\/blockquote><iframe sandbox=\"allow-scripts\" security=\"restricted\" src=\"https:\/\/friendsineurope.com\/nl-borne\/2023\/05\/22\/portugese-consul-generaal-inaugurele-bezoek-rheine\/embed\/#?secret=QGZTkAV6lp\" width=\"600\" height=\"338\" title=\"&#8220;Portugese consul-generaal op inaugureel bezoek aan Rheine&#8221; &#8212; Borne\" data-secret=\"QGZTkAV6lp\" frameborder=\"0\" marginwidth=\"0\" marginheight=\"0\" scrolling=\"no\" class=\"wp-embedded-content\"><\/iframe><script type=\"text\/javascript\">\n\/* <![CDATA[ *\/\n\/*! This file is auto-generated *\/\n!function(d,l){\"use strict\";l.querySelector&&d.addEventListener&&\"undefined\"!=typeof URL&&(d.wp=d.wp||{},d.wp.receiveEmbedMessage||(d.wp.receiveEmbedMessage=function(e){var t=e.data;if((t||t.secret||t.message||t.value)&&!\/[^a-zA-Z0-9]\/.test(t.secret)){for(var s,r,n,a=l.querySelectorAll('iframe[data-secret=\"'+t.secret+'\"]'),o=l.querySelectorAll('blockquote[data-secret=\"'+t.secret+'\"]'),c=new RegExp(\"^https?:$\",\"i\"),i=0;i<o.length;i++)o[i].style.display=\"none\";for(i=0;i<a.length;i++)s=a[i],e.source===s.contentWindow&&(s.removeAttribute(\"style\"),\"height\"===t.message?(1e3<(r=parseInt(t.value,10))?r=1e3:~~r<200&&(r=200),s.height=r):\"link\"===t.message&&(r=new URL(s.getAttribute(\"src\")),n=new URL(t.value),c.test(n.protocol))&&n.host===r.host&&l.activeElement===s&&(d.top.location.href=t.value))}},d.addEventListener(\"message\",d.wp.receiveEmbedMessage,!1),l.addEventListener(\"DOMContentLoaded\",function(){for(var e,t,s=l.querySelectorAll(\"iframe.wp-embedded-content\"),r=0;r<s.length;r++)(t=(e=s[r]).getAttribute(\"data-secret\"))||(t=Math.random().toString(36).substring(2,12),e.src+=\"#?secret=\"+t,e.setAttribute(\"data-secret\",t)),e.contentWindow.postMessage({message:\"ready\",secret:t},\"*\")},!1)))}(window,document);\n\/\/# sourceURL=https:\/\/friendsineurope.com\/nl-borne\/wp-includes\/js\/wp-embed.min.js\n\/* ]]> *\/\n<\/script>\n","thumbnail_url":null,"thumbnail_width":null,"thumbnail_height":null,"description":"Rheine. RheineConsul-generaal L\u00eddia Nabais heeft burgemeester Dr. Peter L\u00fcttmann ontmoet voor haar inaugurele bezoek aan het stadhuis (wij berichtten). Zij werd twee jaar geleden benoemd tot consul-generaal van Portugal, dat in D\u00fcsseldorf is gevestigd. Vanwege de pandemie was een bezoek toen helaas niet mogelijk. Rheine Peter L\u00fcttmann was zeer verheugd over het offici\u00eble bezoek en... Lees meer &raquo;"}

Rheine. RheineConsul-generaal Lídia Nabais heeft burgemeester Dr. Peter Lüttmann ontmoet voor haar inaugurele bezoek aan het stadhuis (wij berichtten). Zij werd twee jaar geleden benoemd tot consul-generaal van Portugal, dat in Düsseldorf is gevestigd. Vanwege de pandemie was een bezoek toen helaas niet mogelijk. Rheine Peter Lüttmann was zeer verheugd over het officiële bezoek en... Lees meer &raquo;
