{"version":"1.0","provider_name":"Trakai","provider_url":"https:\/\/friendsineurope.com\/lt-trakai","author_name":"gerdcosse","author_url":"https:\/\/friendsineurope.com\/lt-trakai\/author\/gerdcosse\/","title":"Pirm\u0105 kart\u0105 aktyviai dalyvavo Atminimo dienos renginiuose - Trakai","type":"rich","width":600,"height":338,"html":"<blockquote class=\"wp-embedded-content\" data-secret=\"D6AS9aNLEr\"><a href=\"https:\/\/friendsineurope.com\/lt-trakai\/2024\/05\/07\/pirma-karta-paminejimo-dienos-aktyvus-dalyvavimas\/\">Pirm\u0105 kart\u0105 aktyviai dalyvavo Atminimo dienos renginiuose<\/a><\/blockquote><iframe sandbox=\"allow-scripts\" security=\"restricted\" src=\"https:\/\/friendsineurope.com\/lt-trakai\/2024\/05\/07\/pirma-karta-paminejimo-dienos-aktyvus-dalyvavimas\/embed\/#?secret=D6AS9aNLEr\" width=\"600\" height=\"338\" title=\"&#8220;Pirm\u0105 kart\u0105 aktyviai dalyvavo Atminimo dienos renginiuose&#8221; &#8212; Trakai\" data-secret=\"D6AS9aNLEr\" frameborder=\"0\" marginwidth=\"0\" marginheight=\"0\" scrolling=\"no\" class=\"wp-embedded-content\"><\/iframe><script type=\"text\/javascript\">\n\/* <![CDATA[ *\/\n\/*! This file is auto-generated *\/\n!function(d,l){\"use strict\";l.querySelector&&d.addEventListener&&\"undefined\"!=typeof URL&&(d.wp=d.wp||{},d.wp.receiveEmbedMessage||(d.wp.receiveEmbedMessage=function(e){var t=e.data;if((t||t.secret||t.message||t.value)&&!\/[^a-zA-Z0-9]\/.test(t.secret)){for(var s,r,n,a=l.querySelectorAll('iframe[data-secret=\"'+t.secret+'\"]'),o=l.querySelectorAll('blockquote[data-secret=\"'+t.secret+'\"]'),c=new RegExp(\"^https?:$\",\"i\"),i=0;i<o.length;i++)o[i].style.display=\"none\";for(i=0;i<a.length;i++)s=a[i],e.source===s.contentWindow&&(s.removeAttribute(\"style\"),\"height\"===t.message?(1e3<(r=parseInt(t.value,10))?r=1e3:~~r<200&&(r=200),s.height=r):\"link\"===t.message&&(r=new URL(s.getAttribute(\"src\")),n=new URL(t.value),c.test(n.protocol))&&n.host===r.host&&l.activeElement===s&&(d.top.location.href=t.value))}},d.addEventListener(\"message\",d.wp.receiveEmbedMessage,!1),l.addEventListener(\"DOMContentLoaded\",function(){for(var e,t,s=l.querySelectorAll(\"iframe.wp-embedded-content\"),r=0;r<s.length;r++)(t=(e=s[r]).getAttribute(\"data-secret\"))||(t=Math.random().toString(36).substring(2,12),e.src+=\"#?secret=\"+t,e.setAttribute(\"data-secret\",t)),e.contentWindow.postMessage({message:\"ready\",secret:t},\"*\")},!1)))}(window,document);\n\/\/# sourceURL=https:\/\/friendsineurope.com\/lt-trakai\/wp-includes\/js\/wp-embed.min.js\n\/* ]]> *\/\n<\/script>\n","thumbnail_url":null,"thumbnail_width":null,"thumbnail_height":null,"description":"Meras ir partneri\u0173 asociacija padeda g\u0117li\u0173 prie paminklo savivaldyb\u0117je partner\u0117je Borne Borne\/Rheine. Anks\u010diau vokie\u010diams nebuvo leid\u017eiama dalyvauti nacionaliniame \u017euvusi\u0173j\u0173 min\u0117jime gegu\u017e\u0117s 4 d. Nyderlanduose. \u0160i\u0105 dien\u0105 buvo pagerbiami visi oland\u0173 vyrai ir moterys, kurie nuo Antrojo pasaulinio karo \u017euvo ne tik karo metu, bet ir taikos palaikymo operacijose. \u017dmon\u0117s nor\u0117jo pab\u016bti tarp sav\u0119s. Pastaraisiais metais... Skaityti daugiau &raquo;"}

Pirmą kartą aktyviai dalyvavo Atminimo dienos renginiuose - Trakai

<blockquote class="wp-embedded-content" data-secret="D6AS9aNLEr"><a href="https://friendsineurope.com/lt-trakai/2024/05/07/pirma-karta-paminejimo-dienos-aktyvus-dalyvavimas/">Pirmą kartą aktyviai dalyvavo Atminimo dienos renginiuose</a></blockquote><iframe sandbox="allow-scripts" security="restricted" src="https://friendsineurope.com/lt-trakai/2024/05/07/pirma-karta-paminejimo-dienos-aktyvus-dalyvavimas/embed/#?secret=D6AS9aNLEr" width="600" height="338" title="&#8220;Pirmą kartą aktyviai dalyvavo Atminimo dienos renginiuose&#8221; &#8212; Trakai" data-secret="D6AS9aNLEr" frameborder="0" marginwidth="0" marginheight="0" scrolling="no" class="wp-embedded-content"></iframe><script type="text/javascript">
/* <![CDATA[ */
/*! This file is auto-generated */
!function(d,l){"use strict";l.querySelector&&d.addEventListener&&"undefined"!=typeof URL&&(d.wp=d.wp||{},d.wp.receiveEmbedMessage||(d.wp.receiveEmbedMessage=function(e){var t=e.data;if((t||t.secret||t.message||t.value)&&!/[^a-zA-Z0-9]/.test(t.secret)){for(var s,r,n,a=l.querySelectorAll('iframe[data-secret="'+t.secret+'"]'),o=l.querySelectorAll('blockquote[data-secret="'+t.secret+'"]'),c=new RegExp("^https?:$","i"),i=0;i<o.length;i++)o[i].style.display="none";for(i=0;i<a.length;i++)s=a[i],e.source===s.contentWindow&&(s.removeAttribute("style"),"height"===t.message?(1e3<(r=parseInt(t.value,10))?r=1e3:~~r<200&&(r=200),s.height=r):"link"===t.message&&(r=new URL(s.getAttribute("src")),n=new URL(t.value),c.test(n.protocol))&&n.host===r.host&&l.activeElement===s&&(d.top.location.href=t.value))}},d.addEventListener("message",d.wp.receiveEmbedMessage,!1),l.addEventListener("DOMContentLoaded",function(){for(var e,t,s=l.querySelectorAll("iframe.wp-embedded-content"),r=0;r<s.length;r++)(t=(e=s[r]).getAttribute("data-secret"))||(t=Math.random().toString(36).substring(2,12),e.src+="#?secret="+t,e.setAttribute("data-secret",t)),e.contentWindow.postMessage({message:"ready",secret:t},"*")},!1)))}(window,document);
//# sourceURL=https://friendsineurope.com/lt-trakai/wp-includes/js/wp-embed.min.js
/* ]]> */
</script>

Meras ir partnerių asociacija padeda gėlių prie paminklo savivaldybėje partnerėje Borne Borne/Rheine. Anksčiau vokiečiams nebuvo leidžiama dalyvauti nacionaliniame žuvusiųjų minėjime gegužės 4 d. Nyderlanduose. Šią dieną buvo pagerbiami visi olandų vyrai ir moterys, kurie nuo Antrojo pasaulinio karo žuvo ne tik karo metu, bet ir taikos palaikymo operacijose. Žmonės norėjo pabūti tarp savęs. Pastaraisiais metais... Skaityti daugiau &raquo;
