{"version":"1.0","provider_name":"Trakai","provider_url":"https:\/\/friendsineurope.com\/lt-trakai","author_name":"gerdcosse","author_url":"https:\/\/friendsineurope.com\/lt-trakai\/author\/gerdcosse\/","title":"Mokiniai i\u0161 Ispanijos ir Graikijos - Trakai","type":"rich","width":600,"height":338,"html":"<blockquote class=\"wp-embedded-content\" data-secret=\"gxIUvBEZeJ\"><a href=\"https:\/\/friendsineurope.com\/lt-trakai\/2024\/03\/14\/studentai-is-ispanijos-ir-graikijos-kaip-sveciai\/\">Mokiniai i\u0161 Ispanijos ir Graikijos<\/a><\/blockquote><iframe sandbox=\"allow-scripts\" security=\"restricted\" src=\"https:\/\/friendsineurope.com\/lt-trakai\/2024\/03\/14\/studentai-is-ispanijos-ir-graikijos-kaip-sveciai\/embed\/#?secret=gxIUvBEZeJ\" width=\"600\" height=\"338\" title=\"&#8220;Mokiniai i\u0161 Ispanijos ir Graikijos&#8221; &#8212; Trakai\" data-secret=\"gxIUvBEZeJ\" frameborder=\"0\" marginwidth=\"0\" marginheight=\"0\" scrolling=\"no\" class=\"wp-embedded-content\"><\/iframe><script type=\"text\/javascript\">\n\/* <![CDATA[ *\/\n\/*! This file is auto-generated *\/\n!function(d,l){\"use strict\";l.querySelector&&d.addEventListener&&\"undefined\"!=typeof URL&&(d.wp=d.wp||{},d.wp.receiveEmbedMessage||(d.wp.receiveEmbedMessage=function(e){var t=e.data;if((t||t.secret||t.message||t.value)&&!\/[^a-zA-Z0-9]\/.test(t.secret)){for(var s,r,n,a=l.querySelectorAll('iframe[data-secret=\"'+t.secret+'\"]'),o=l.querySelectorAll('blockquote[data-secret=\"'+t.secret+'\"]'),c=new RegExp(\"^https?:$\",\"i\"),i=0;i<o.length;i++)o[i].style.display=\"none\";for(i=0;i<a.length;i++)s=a[i],e.source===s.contentWindow&&(s.removeAttribute(\"style\"),\"height\"===t.message?(1e3<(r=parseInt(t.value,10))?r=1e3:~~r<200&&(r=200),s.height=r):\"link\"===t.message&&(r=new URL(s.getAttribute(\"src\")),n=new URL(t.value),c.test(n.protocol))&&n.host===r.host&&l.activeElement===s&&(d.top.location.href=t.value))}},d.addEventListener(\"message\",d.wp.receiveEmbedMessage,!1),l.addEventListener(\"DOMContentLoaded\",function(){for(var e,t,s=l.querySelectorAll(\"iframe.wp-embedded-content\"),r=0;r<s.length;r++)(t=(e=s[r]).getAttribute(\"data-secret\"))||(t=Math.random().toString(36).substring(2,12),e.src+=\"#?secret=\"+t,e.setAttribute(\"data-secret\",t)),e.contentWindow.postMessage({message:\"ready\",secret:t},\"*\")},!1)))}(window,document);\n\/\/# sourceURL=https:\/\/friendsineurope.com\/lt-trakai\/wp-includes\/js\/wp-embed.min.js\n\/* ]]> *\/\n<\/script>\n","thumbnail_url":null,"thumbnail_width":null,"thumbnail_height":null,"description":"Rheine2024 m. kovo 14 d., ketvirtadien\u012f, mero pavaduotojas Fabianas Lenzas pasveikino apie 40 mokini\u0173 ir j\u0173 mokytoj\u0173 i\u0161 Ispanijos ir Graikijos. Juos lyd\u0117jo Aleksandro von Humboldto mokyklos mokiniai. Grup\u0117 pagal ES program\u0105 &#8222;Erasmus+&#8221;, skatinan\u010di\u0105 aplinkos tvarum\u0105 ir aplinkai draugi\u0161k\u0105 elges\u012f, ma\u017edaug savait\u0119 praleid\u017eia svetain\u0117je Rheine. Tarybos pos\u0117d\u017ei\u0173 sal\u0117je Fabianas Lenzas pasidalijo \u012fdomiais faktais apie Rheine... Skaityti daugiau &raquo;"}

Mokiniai iš Ispanijos ir Graikijos - Trakai

<blockquote class="wp-embedded-content" data-secret="gxIUvBEZeJ"><a href="https://friendsineurope.com/lt-trakai/2024/03/14/studentai-is-ispanijos-ir-graikijos-kaip-sveciai/">Mokiniai iš Ispanijos ir Graikijos</a></blockquote><iframe sandbox="allow-scripts" security="restricted" src="https://friendsineurope.com/lt-trakai/2024/03/14/studentai-is-ispanijos-ir-graikijos-kaip-sveciai/embed/#?secret=gxIUvBEZeJ" width="600" height="338" title="&#8220;Mokiniai iš Ispanijos ir Graikijos&#8221; &#8212; Trakai" data-secret="gxIUvBEZeJ" frameborder="0" marginwidth="0" marginheight="0" scrolling="no" class="wp-embedded-content"></iframe><script type="text/javascript">
/* <![CDATA[ */
/*! This file is auto-generated */
!function(d,l){"use strict";l.querySelector&&d.addEventListener&&"undefined"!=typeof URL&&(d.wp=d.wp||{},d.wp.receiveEmbedMessage||(d.wp.receiveEmbedMessage=function(e){var t=e.data;if((t||t.secret||t.message||t.value)&&!/[^a-zA-Z0-9]/.test(t.secret)){for(var s,r,n,a=l.querySelectorAll('iframe[data-secret="'+t.secret+'"]'),o=l.querySelectorAll('blockquote[data-secret="'+t.secret+'"]'),c=new RegExp("^https?:$","i"),i=0;i<o.length;i++)o[i].style.display="none";for(i=0;i<a.length;i++)s=a[i],e.source===s.contentWindow&&(s.removeAttribute("style"),"height"===t.message?(1e3<(r=parseInt(t.value,10))?r=1e3:~~r<200&&(r=200),s.height=r):"link"===t.message&&(r=new URL(s.getAttribute("src")),n=new URL(t.value),c.test(n.protocol))&&n.host===r.host&&l.activeElement===s&&(d.top.location.href=t.value))}},d.addEventListener("message",d.wp.receiveEmbedMessage,!1),l.addEventListener("DOMContentLoaded",function(){for(var e,t,s=l.querySelectorAll("iframe.wp-embedded-content"),r=0;r<s.length;r++)(t=(e=s[r]).getAttribute("data-secret"))||(t=Math.random().toString(36).substring(2,12),e.src+="#?secret="+t,e.setAttribute("data-secret",t)),e.contentWindow.postMessage({message:"ready",secret:t},"*")},!1)))}(window,document);
//# sourceURL=https://friendsineurope.com/lt-trakai/wp-includes/js/wp-embed.min.js
/* ]]> */
</script>

Rheine2024 m. kovo 14 d., ketvirtadienį, mero pavaduotojas Fabianas Lenzas pasveikino apie 40 mokinių ir jų mokytojų iš Ispanijos ir Graikijos. Juos lydėjo Aleksandro von Humboldto mokyklos mokiniai. Grupė pagal ES programą &#8222;Erasmus+&#8221;, skatinančią aplinkos tvarumą ir aplinkai draugišką elgesį, maždaug savaitę praleidžia svetainėje Rheine. Tarybos posėdžių salėje Fabianas Lenzas pasidalijo įdomiais faktais apie Rheine... Skaityti daugiau &raquo;
