{"version":"1.0","provider_name":"Trakai","provider_url":"https:\/\/friendsineurope.com\/lt-trakai","author_name":"gerdcosse","author_url":"https:\/\/friendsineurope.com\/lt-trakai\/author\/gerdcosse\/","title":"\"Caritas\" pagerbia jubiliatus - Trakai","type":"rich","width":600,"height":338,"html":"<blockquote class=\"wp-embedded-content\" data-secret=\"1FAX9ifVBg\"><a href=\"https:\/\/friendsineurope.com\/lt-trakai\/2022\/12\/23\/caritas-pagerbe-jubiliatus\/\">&#8222;Caritas&#8221; pagerbia jubiliatus<\/a><\/blockquote><iframe sandbox=\"allow-scripts\" security=\"restricted\" src=\"https:\/\/friendsineurope.com\/lt-trakai\/2022\/12\/23\/caritas-pagerbe-jubiliatus\/embed\/#?secret=1FAX9ifVBg\" width=\"600\" height=\"338\" title=\"&#8220;&#8222;Caritas&#8221; pagerbia jubiliatus&#8221; &#8212; Trakai\" data-secret=\"1FAX9ifVBg\" frameborder=\"0\" marginwidth=\"0\" marginheight=\"0\" scrolling=\"no\" class=\"wp-embedded-content\"><\/iframe><script type=\"text\/javascript\">\n\/* <![CDATA[ *\/\n\/*! This file is auto-generated *\/\n!function(d,l){\"use strict\";l.querySelector&&d.addEventListener&&\"undefined\"!=typeof URL&&(d.wp=d.wp||{},d.wp.receiveEmbedMessage||(d.wp.receiveEmbedMessage=function(e){var t=e.data;if((t||t.secret||t.message||t.value)&&!\/[^a-zA-Z0-9]\/.test(t.secret)){for(var s,r,n,a=l.querySelectorAll('iframe[data-secret=\"'+t.secret+'\"]'),o=l.querySelectorAll('blockquote[data-secret=\"'+t.secret+'\"]'),c=new RegExp(\"^https?:$\",\"i\"),i=0;i<o.length;i++)o[i].style.display=\"none\";for(i=0;i<a.length;i++)s=a[i],e.source===s.contentWindow&&(s.removeAttribute(\"style\"),\"height\"===t.message?(1e3<(r=parseInt(t.value,10))?r=1e3:~~r<200&&(r=200),s.height=r):\"link\"===t.message&&(r=new URL(s.getAttribute(\"src\")),n=new URL(t.value),c.test(n.protocol))&&n.host===r.host&&l.activeElement===s&&(d.top.location.href=t.value))}},d.addEventListener(\"message\",d.wp.receiveEmbedMessage,!1),l.addEventListener(\"DOMContentLoaded\",function(){for(var e,t,s=l.querySelectorAll(\"iframe.wp-embedded-content\"),r=0;r<s.length;r++)(t=(e=s[r]).getAttribute(\"data-secret\"))||(t=Math.random().toString(36).substring(2,12),e.src+=\"#?secret=\"+t,e.setAttribute(\"data-secret\",t)),e.contentWindow.postMessage({message:\"ready\",secret:t},\"*\")},!1)))}(window,document);\n\/\/# sourceURL=https:\/\/friendsineurope.com\/lt-trakai\/wp-includes\/js\/wp-embed.min.js\n\/* ]]> *\/\n<\/script>\n","thumbnail_url":null,"thumbnail_width":null,"thumbnail_height":null,"description":"Ilgametis bendradarbiavimas darbo, b\u016bsto ir dalyvavimo departamente Rheine.cpr. i\u0161 viso a\u0161tuoni Darbo, b\u016bsto ir dalyvavimo departamento darbuotojai jau 25 metus dirba Caritas asociacijoje Rheine arba ba\u017enytin\u0117je asociacijoje. J\u0173 garbei buvo surengta nedidel\u0117 ceremonija. Caritas valdybos nariai Dieteris F\u00fchneris ir Ludgeris Schr\u00f6eris, skyriaus vadovas Sebastianas Vosselis ir darbuotoj\u0173 atstovai su pirmininku Thomu Brockhausu pad\u0117kojo jubiliatams u\u017e... Skaityti daugiau &raquo;"}

Ilgametis bendradarbiavimas darbo, būsto ir dalyvavimo departamente Rheine.cpr. iš viso aštuoni Darbo, būsto ir dalyvavimo departamento darbuotojai jau 25 metus dirba Caritas asociacijoje Rheine arba bažnytinėje asociacijoje. Jų garbei buvo surengta nedidelė ceremonija. Caritas valdybos nariai Dieteris Fühneris ir Ludgeris Schröeris, skyriaus vadovas Sebastianas Vosselis ir darbuotojų atstovai su pirmininku Thomu Brockhausu padėkojo jubiliatams už... Skaityti daugiau &raquo;
