{"version":"1.0","provider_name":"Trakai","provider_url":"https:\/\/friendsineurope.com\/lt-trakai","author_name":"gerdcosse","author_url":"https:\/\/friendsineurope.com\/lt-trakai\/author\/gerdcosse\/","title":"Nor\u0117\u010diau ko nors savo gimtadienio proga! - Trakai","type":"rich","width":600,"height":338,"html":"<blockquote class=\"wp-embedded-content\" data-secret=\"PPSNWF43rm\"><a href=\"https:\/\/friendsineurope.com\/lt-trakai\/2022\/07\/10\/noriu-su-kuo-galeciau-padovanoti-musu-gimtadieni\/\">Nor\u0117\u010diau ko nors savo gimtadienio proga!<\/a><\/blockquote><iframe sandbox=\"allow-scripts\" security=\"restricted\" src=\"https:\/\/friendsineurope.com\/lt-trakai\/2022\/07\/10\/noriu-su-kuo-galeciau-padovanoti-musu-gimtadieni\/embed\/#?secret=PPSNWF43rm\" width=\"600\" height=\"338\" title=\"&#8220;Nor\u0117\u010diau ko nors savo gimtadienio proga!&#8221; &#8212; Trakai\" data-secret=\"PPSNWF43rm\" frameborder=\"0\" marginwidth=\"0\" marginheight=\"0\" scrolling=\"no\" class=\"wp-embedded-content\"><\/iframe><script type=\"text\/javascript\">\n\/* <![CDATA[ *\/\n\/*! This file is auto-generated *\/\n!function(d,l){\"use strict\";l.querySelector&&d.addEventListener&&\"undefined\"!=typeof URL&&(d.wp=d.wp||{},d.wp.receiveEmbedMessage||(d.wp.receiveEmbedMessage=function(e){var t=e.data;if((t||t.secret||t.message||t.value)&&!\/[^a-zA-Z0-9]\/.test(t.secret)){for(var s,r,n,a=l.querySelectorAll('iframe[data-secret=\"'+t.secret+'\"]'),o=l.querySelectorAll('blockquote[data-secret=\"'+t.secret+'\"]'),c=new RegExp(\"^https?:$\",\"i\"),i=0;i<o.length;i++)o[i].style.display=\"none\";for(i=0;i<a.length;i++)s=a[i],e.source===s.contentWindow&&(s.removeAttribute(\"style\"),\"height\"===t.message?(1e3<(r=parseInt(t.value,10))?r=1e3:~~r<200&&(r=200),s.height=r):\"link\"===t.message&&(r=new URL(s.getAttribute(\"src\")),n=new URL(t.value),c.test(n.protocol))&&n.host===r.host&&l.activeElement===s&&(d.top.location.href=t.value))}},d.addEventListener(\"message\",d.wp.receiveEmbedMessage,!1),l.addEventListener(\"DOMContentLoaded\",function(){for(var e,t,s=l.querySelectorAll(\"iframe.wp-embedded-content\"),r=0;r<s.length;r++)(t=(e=s[r]).getAttribute(\"data-secret\"))||(t=Math.random().toString(36).substring(2,12),e.src+=\"#?secret=\"+t,e.setAttribute(\"data-secret\",t)),e.contentWindow.postMessage({message:\"ready\",secret:t},\"*\")},!1)))}(window,document);\n\/\/# sourceURL=https:\/\/friendsineurope.com\/lt-trakai\/wp-includes\/js\/wp-embed.min.js\n\/* ]]> *\/\n<\/script>\n","description":"Liepos 20 d. man sukaks 72 metai &#8211; ir man sekasi labai gerai! Ta\u010diau daugybei \u017emoni\u0173 Ukrainoje, ken\u010dian\u010di\u0173 nuo baisaus karo, visai nesiseka. Prie\u0161 kelet\u0105 m\u0117nesi\u0173 m\u016bs\u0173 giminyst\u0117s asociacija u\u017esibr\u0117\u017e\u0117 u\u017eduot\u012f pad\u0117ti Rusijos u\u017epultos \u0161alies \u017emon\u0117ms. Per m\u016bs\u0173 l\u0117\u0161\u0173 rinkimo kampanij\u0105 jau surinkta daug pinig\u0173. Per m\u016bs\u0173 miest\u0105 dvyn\u012f Trakus Lietuvoje gal\u0117jome nupirkti vaist\u0173 dviem... Skaityti daugiau &raquo;","thumbnail_url":"https:\/\/friendsineurope.com\/de-rheine\/wp-content\/uploads\/2022\/07\/kinder-3-1024x694.jpg"}

Norėčiau ko nors savo gimtadienio proga! - Trakai

<blockquote class="wp-embedded-content" data-secret="PPSNWF43rm"><a href="https://friendsineurope.com/lt-trakai/2022/07/10/noriu-su-kuo-galeciau-padovanoti-musu-gimtadieni/">Norėčiau ko nors savo gimtadienio proga!</a></blockquote><iframe sandbox="allow-scripts" security="restricted" src="https://friendsineurope.com/lt-trakai/2022/07/10/noriu-su-kuo-galeciau-padovanoti-musu-gimtadieni/embed/#?secret=PPSNWF43rm" width="600" height="338" title="&#8220;Norėčiau ko nors savo gimtadienio proga!&#8221; &#8212; Trakai" data-secret="PPSNWF43rm" frameborder="0" marginwidth="0" marginheight="0" scrolling="no" class="wp-embedded-content"></iframe><script type="text/javascript">
/* <![CDATA[ */
/*! This file is auto-generated */
!function(d,l){"use strict";l.querySelector&&d.addEventListener&&"undefined"!=typeof URL&&(d.wp=d.wp||{},d.wp.receiveEmbedMessage||(d.wp.receiveEmbedMessage=function(e){var t=e.data;if((t||t.secret||t.message||t.value)&&!/[^a-zA-Z0-9]/.test(t.secret)){for(var s,r,n,a=l.querySelectorAll('iframe[data-secret="'+t.secret+'"]'),o=l.querySelectorAll('blockquote[data-secret="'+t.secret+'"]'),c=new RegExp("^https?:$","i"),i=0;i<o.length;i++)o[i].style.display="none";for(i=0;i<a.length;i++)s=a[i],e.source===s.contentWindow&&(s.removeAttribute("style"),"height"===t.message?(1e3<(r=parseInt(t.value,10))?r=1e3:~~r<200&&(r=200),s.height=r):"link"===t.message&&(r=new URL(s.getAttribute("src")),n=new URL(t.value),c.test(n.protocol))&&n.host===r.host&&l.activeElement===s&&(d.top.location.href=t.value))}},d.addEventListener("message",d.wp.receiveEmbedMessage,!1),l.addEventListener("DOMContentLoaded",function(){for(var e,t,s=l.querySelectorAll("iframe.wp-embedded-content"),r=0;r<s.length;r++)(t=(e=s[r]).getAttribute("data-secret"))||(t=Math.random().toString(36).substring(2,12),e.src+="#?secret="+t,e.setAttribute("data-secret",t)),e.contentWindow.postMessage({message:"ready",secret:t},"*")},!1)))}(window,document);
//# sourceURL=https://friendsineurope.com/lt-trakai/wp-includes/js/wp-embed.min.js
/* ]]> */
</script>

Liepos 20 d. man sukaks 72 metai &#8211; ir man sekasi labai gerai! Tačiau daugybei žmonių Ukrainoje, kenčiančių nuo baisaus karo, visai nesiseka. Prieš keletą mėnesių mūsų giminystės asociacija užsibrėžė užduotį padėti Rusijos užpultos šalies žmonėms. Per mūsų lėšų rinkimo kampaniją jau surinkta daug pinigų. Per mūsų miestą dvynį Trakus Lietuvoje galėjome nupirkti vaistų dviem... Skaityti daugiau &raquo;
