{"version":"1.0","provider_name":"Trakai","provider_url":"https:\/\/friendsineurope.com\/lt-trakai","author_name":"gerdcosse","author_url":"https:\/\/friendsineurope.com\/lt-trakai\/author\/gerdcosse\/","title":"Linksma poezija kaip problema - Trakai","type":"rich","width":600,"height":338,"html":"<blockquote class=\"wp-embedded-content\" data-secret=\"YwCXJN0zdo\"><a href=\"https:\/\/friendsineurope.com\/lt-trakai\/2022\/02\/20\/the-cheerful-lyric-as-problem\/\">Linksma poezija kaip problema<\/a><\/blockquote><iframe sandbox=\"allow-scripts\" security=\"restricted\" src=\"https:\/\/friendsineurope.com\/lt-trakai\/2022\/02\/20\/the-cheerful-lyric-as-problem\/embed\/#?secret=YwCXJN0zdo\" width=\"600\" height=\"338\" title=\"&#8220;Linksma poezija kaip problema&#8221; &#8212; Trakai\" data-secret=\"YwCXJN0zdo\" frameborder=\"0\" marginwidth=\"0\" marginheight=\"0\" scrolling=\"no\" class=\"wp-embedded-content\"><\/iframe><script type=\"text\/javascript\">\n\/* <![CDATA[ *\/\n\/*! This file is auto-generated *\/\n!function(d,l){\"use strict\";l.querySelector&&d.addEventListener&&\"undefined\"!=typeof URL&&(d.wp=d.wp||{},d.wp.receiveEmbedMessage||(d.wp.receiveEmbedMessage=function(e){var t=e.data;if((t||t.secret||t.message||t.value)&&!\/[^a-zA-Z0-9]\/.test(t.secret)){for(var s,r,n,a=l.querySelectorAll('iframe[data-secret=\"'+t.secret+'\"]'),o=l.querySelectorAll('blockquote[data-secret=\"'+t.secret+'\"]'),c=new RegExp(\"^https?:$\",\"i\"),i=0;i<o.length;i++)o[i].style.display=\"none\";for(i=0;i<a.length;i++)s=a[i],e.source===s.contentWindow&&(s.removeAttribute(\"style\"),\"height\"===t.message?(1e3<(r=parseInt(t.value,10))?r=1e3:~~r<200&&(r=200),s.height=r):\"link\"===t.message&&(r=new URL(s.getAttribute(\"src\")),n=new URL(t.value),c.test(n.protocol))&&n.host===r.host&&l.activeElement===s&&(d.top.location.href=t.value))}},d.addEventListener(\"message\",d.wp.receiveEmbedMessage,!1),l.addEventListener(\"DOMContentLoaded\",function(){for(var e,t,s=l.querySelectorAll(\"iframe.wp-embedded-content\"),r=0;r<s.length;r++)(t=(e=s[r]).getAttribute(\"data-secret\"))||(t=Math.random().toString(36).substring(2,12),e.src+=\"#?secret=\"+t,e.setAttribute(\"data-secret\",t)),e.contentWindow.postMessage({message:\"ready\",secret:t},\"*\")},!1)))}(window,document);\n\/\/# sourceURL=https:\/\/friendsineurope.com\/lt-trakai\/wp-includes\/js\/wp-embed.min.js\n\/* ]]> *\/\n<\/script>\n","thumbnail_url":null,"thumbnail_width":null,"thumbnail_height":null,"description":"Kitas &#8222;ketvirtis valandos&#8221; savivaldyb\u0117s bibliotekoje Rheine. Kitas &#8222;Viertelst\u00fcndchen&#8221; penktadien\u012f, 2022 m. kovo 4 d., nuo 16.00 val. savivaldyb\u0117s bibliotekoje bus apie meil\u0119. Ypa\u010d eil\u0117ra\u0161\u010diuose Monika Niesert atgaivins \u0161\u012f nuostab\u0173 jausm\u0105 klausytoj\u0173 s\u0105mon\u0117je. Renginio dien\u0105 lankytojai su\u017einos, kod\u0117l linksmoji poezija \u0161iame kontekste i\u0161 ties\u0173 yra problema ir kiek j\u0105 galima i\u0161spr\u0119sti. B\u016btina registracija tel. 05971 939... Skaityti daugiau &raquo;"}

Kitas &#8222;ketvirtis valandos&#8221; savivaldybės bibliotekoje Rheine. Kitas &#8222;Viertelstündchen&#8221; penktadienį, 2022 m. kovo 4 d., nuo 16.00 val. savivaldybės bibliotekoje bus apie meilę. Ypač eilėraščiuose Monika Niesert atgaivins šį nuostabų jausmą klausytojų sąmonėje. Renginio dieną lankytojai sužinos, kodėl linksmoji poezija šiame kontekste iš tiesų yra problema ir kiek ją galima išspręsti. Būtina registracija tel. 05971 939... Skaityti daugiau &raquo;
