{"version":"1.0","provider_name":"Rheine","provider_url":"https:\/\/friendsineurope.com\/de-rheine","author_name":"gerdcosse","author_url":"https:\/\/friendsineurope.com\/de-rheine\/author\/gerdcosse\/","title":"Rheine mal ganz anders erlebt &#8211;","type":"rich","width":600,"height":338,"html":"<blockquote class=\"wp-embedded-content\" data-secret=\"RyuqPUujua\"><a href=\"https:\/\/friendsineurope.com\/de-rheine\/2023\/10\/01\/rheine-mal-ganz-anders-erlebt\/\">Rheine mal ganz anders erlebt<\/a><\/blockquote><iframe sandbox=\"allow-scripts\" security=\"restricted\" src=\"https:\/\/friendsineurope.com\/de-rheine\/2023\/10\/01\/rheine-mal-ganz-anders-erlebt\/embed\/#?secret=RyuqPUujua\" width=\"600\" height=\"338\" title=\"&#8222;Rheine mal ganz anders erlebt&#8220; &#8211; Rheine\" data-secret=\"RyuqPUujua\" frameborder=\"0\" marginwidth=\"0\" marginheight=\"0\" scrolling=\"no\" class=\"wp-embedded-content\"><\/iframe><script type=\"text\/javascript\">\n\/* <![CDATA[ *\/\n\/*! This file is auto-generated *\/\n!function(d,l){\"use strict\";l.querySelector&&d.addEventListener&&\"undefined\"!=typeof URL&&(d.wp=d.wp||{},d.wp.receiveEmbedMessage||(d.wp.receiveEmbedMessage=function(e){var t=e.data;if((t||t.secret||t.message||t.value)&&!\/[^a-zA-Z0-9]\/.test(t.secret)){for(var s,r,n,a=l.querySelectorAll('iframe[data-secret=\"'+t.secret+'\"]'),o=l.querySelectorAll('blockquote[data-secret=\"'+t.secret+'\"]'),c=new RegExp(\"^https?:$\",\"i\"),i=0;i<o.length;i++)o[i].style.display=\"none\";for(i=0;i<a.length;i++)s=a[i],e.source===s.contentWindow&&(s.removeAttribute(\"style\"),\"height\"===t.message?(1e3<(r=parseInt(t.value,10))?r=1e3:~~r<200&&(r=200),s.height=r):\"link\"===t.message&&(r=new URL(s.getAttribute(\"src\")),n=new URL(t.value),c.test(n.protocol))&&n.host===r.host&&l.activeElement===s&&(d.top.location.href=t.value))}},d.addEventListener(\"message\",d.wp.receiveEmbedMessage,!1),l.addEventListener(\"DOMContentLoaded\",function(){for(var e,t,s=l.querySelectorAll(\"iframe.wp-embedded-content\"),r=0;r<s.length;r++)(t=(e=s[r]).getAttribute(\"data-secret\"))||(t=Math.random().toString(36).substring(2,12),e.src+=\"#?secret=\"+t,e.setAttribute(\"data-secret\",t)),e.contentWindow.postMessage({message:\"ready\",secret:t},\"*\")},!1)))}(window,document);\n\/\/# sourceURL=https:\/\/friendsineurope.com\/de-rheine\/wp-includes\/js\/wp-embed.min.js\n\/* ]]> *\/\n<\/script>\n","thumbnail_url":"https:\/\/friendsineurope.com\/de-rheine\/wp-content\/uploads\/2023\/10\/dsc-0219-scaled.jpg","thumbnail_width":2560,"thumbnail_height":1524,"description":"Delegation aus der Partnerstadt Bernburg bei einer Nachtw\u00e4chterf\u00fchrung von Andr\u00e9 Schaper Am Falkenhof begann die Stadtf\u00fchrung von und mit Nachtw\u00e4cjhter Andr\u00e9 Schaper. Einmal im Jahr gibt es die Rheine-Bernburg-Tage. Abwechselnd besuchen sich Menschen aus den beiden Partnerst\u00e4dten. In diesem Jahr kam heute eine Delegation aus Bernburg unter der Leitung von Oberb\u00fcrgermeisterin Dr. Silvia Ristow nach... Weiter &raquo;"}

Delegation aus der Partnerstadt Bernburg bei einer Nachtwächterführung von André Schaper Am Falkenhof begann die Stadtführung von und mit Nachtwäcjhter André Schaper. Einmal im Jahr gibt es die Rheine-Bernburg-Tage. Abwechselnd besuchen sich Menschen aus den beiden Partnerstädten. In diesem Jahr kam heute eine Delegation aus Bernburg unter der Leitung von Oberbürgermeisterin Dr. Silvia Ristow nach... Weiter &raquo;
