{"version":"1.0","provider_name":"Rheine","provider_url":"https:\/\/friendsineurope.com\/de-rheine","author_name":"gerdcosse","author_url":"https:\/\/friendsineurope.com\/de-rheine\/author\/gerdcosse\/","title":"Ferienprogramm der St\u00e4dtischen Museen \u00a0 &#8211;","type":"rich","width":600,"height":338,"html":"<blockquote class=\"wp-embedded-content\" data-secret=\"hbcZHnXSsk\"><a href=\"https:\/\/friendsineurope.com\/de-rheine\/2023\/03\/27\/ferienprogramm-der-staedtischen-museen\/\"><strong>Ferienprogramm der St\u00e4dtischen Museen \u00a0<\/strong><\/a><\/blockquote><iframe sandbox=\"allow-scripts\" security=\"restricted\" src=\"https:\/\/friendsineurope.com\/de-rheine\/2023\/03\/27\/ferienprogramm-der-staedtischen-museen\/embed\/#?secret=hbcZHnXSsk\" width=\"600\" height=\"338\" title=\"&#8222;&lt;strong&gt;Ferienprogramm der St\u00e4dtischen Museen \u00a0&lt;\/strong&gt;&#8220; &#8211; Rheine\" data-secret=\"hbcZHnXSsk\" frameborder=\"0\" marginwidth=\"0\" marginheight=\"0\" scrolling=\"no\" class=\"wp-embedded-content\"><\/iframe><script type=\"text\/javascript\">\n\/* <![CDATA[ *\/\n\/*! This file is auto-generated *\/\n!function(d,l){\"use strict\";l.querySelector&&d.addEventListener&&\"undefined\"!=typeof URL&&(d.wp=d.wp||{},d.wp.receiveEmbedMessage||(d.wp.receiveEmbedMessage=function(e){var t=e.data;if((t||t.secret||t.message||t.value)&&!\/[^a-zA-Z0-9]\/.test(t.secret)){for(var s,r,n,a=l.querySelectorAll('iframe[data-secret=\"'+t.secret+'\"]'),o=l.querySelectorAll('blockquote[data-secret=\"'+t.secret+'\"]'),c=new RegExp(\"^https?:$\",\"i\"),i=0;i<o.length;i++)o[i].style.display=\"none\";for(i=0;i<a.length;i++)s=a[i],e.source===s.contentWindow&&(s.removeAttribute(\"style\"),\"height\"===t.message?(1e3<(r=parseInt(t.value,10))?r=1e3:~~r<200&&(r=200),s.height=r):\"link\"===t.message&&(r=new URL(s.getAttribute(\"src\")),n=new URL(t.value),c.test(n.protocol))&&n.host===r.host&&l.activeElement===s&&(d.top.location.href=t.value))}},d.addEventListener(\"message\",d.wp.receiveEmbedMessage,!1),l.addEventListener(\"DOMContentLoaded\",function(){for(var e,t,s=l.querySelectorAll(\"iframe.wp-embedded-content\"),r=0;r<s.length;r++)(t=(e=s[r]).getAttribute(\"data-secret\"))||(t=Math.random().toString(36).substring(2,12),e.src+=\"#?secret=\"+t,e.setAttribute(\"data-secret\",t)),e.contentWindow.postMessage({message:\"ready\",secret:t},\"*\")},!1)))}(window,document);\n\/\/# sourceURL=https:\/\/friendsineurope.com\/de-rheine\/wp-includes\/js\/wp-embed.min.js\n\/* ]]> *\/\n<\/script>\n","thumbnail_url":"https:\/\/friendsineurope.com\/de-rheine\/wp-content\/uploads\/2023\/03\/sw-kinder-sieden-1.jpg","thumbnail_width":2560,"thumbnail_height":1920,"description":"\u00a0Nur noch wenige Tage, dann starten Sch\u00fclerinnen und Sch\u00fcler in die Osterferien. F\u00fcr die beiden Ferienwochen halten die St\u00e4dtischen Museen ein besonderes Angebot bereit. Los geht\u2019s am Sonntag, dem 2. April mit dem Familiennachmittag in der Salzwerkstatt. Kinder und Familien haben zwischen 14 und 18 Uhr die Gelegenheit aus der Bentlager Sole eigenes Salz herzustellen.... Weiter &raquo;"}

Ferienprogramm der Städtischen Museen   &#8211;

<blockquote class="wp-embedded-content" data-secret="hbcZHnXSsk"><a href="https://friendsineurope.com/de-rheine/2023/03/27/ferienprogramm-der-staedtischen-museen/"><strong>Ferienprogramm der Städtischen Museen  </strong></a></blockquote><iframe sandbox="allow-scripts" security="restricted" src="https://friendsineurope.com/de-rheine/2023/03/27/ferienprogramm-der-staedtischen-museen/embed/#?secret=hbcZHnXSsk" width="600" height="338" title="&#8222;&lt;strong&gt;Ferienprogramm der Städtischen Museen  &lt;/strong&gt;&#8220; &#8211; Rheine" data-secret="hbcZHnXSsk" frameborder="0" marginwidth="0" marginheight="0" scrolling="no" class="wp-embedded-content"></iframe><script type="text/javascript">
/* <![CDATA[ */
/*! This file is auto-generated */
!function(d,l){"use strict";l.querySelector&&d.addEventListener&&"undefined"!=typeof URL&&(d.wp=d.wp||{},d.wp.receiveEmbedMessage||(d.wp.receiveEmbedMessage=function(e){var t=e.data;if((t||t.secret||t.message||t.value)&&!/[^a-zA-Z0-9]/.test(t.secret)){for(var s,r,n,a=l.querySelectorAll('iframe[data-secret="'+t.secret+'"]'),o=l.querySelectorAll('blockquote[data-secret="'+t.secret+'"]'),c=new RegExp("^https?:$","i"),i=0;i<o.length;i++)o[i].style.display="none";for(i=0;i<a.length;i++)s=a[i],e.source===s.contentWindow&&(s.removeAttribute("style"),"height"===t.message?(1e3<(r=parseInt(t.value,10))?r=1e3:~~r<200&&(r=200),s.height=r):"link"===t.message&&(r=new URL(s.getAttribute("src")),n=new URL(t.value),c.test(n.protocol))&&n.host===r.host&&l.activeElement===s&&(d.top.location.href=t.value))}},d.addEventListener("message",d.wp.receiveEmbedMessage,!1),l.addEventListener("DOMContentLoaded",function(){for(var e,t,s=l.querySelectorAll("iframe.wp-embedded-content"),r=0;r<s.length;r++)(t=(e=s[r]).getAttribute("data-secret"))||(t=Math.random().toString(36).substring(2,12),e.src+="#?secret="+t,e.setAttribute("data-secret",t)),e.contentWindow.postMessage({message:"ready",secret:t},"*")},!1)))}(window,document);
//# sourceURL=https://friendsineurope.com/de-rheine/wp-includes/js/wp-embed.min.js
/* ]]> */
</script>

Nur noch wenige Tage, dann starten Schülerinnen und Schüler in die Osterferien. Für die beiden Ferienwochen halten die Städtischen Museen ein besonderes Angebot bereit. Los geht’s am Sonntag, dem 2. April mit dem Familiennachmittag in der Salzwerkstatt. Kinder und Familien haben zwischen 14 und 18 Uhr die Gelegenheit aus der Bentlager Sole eigenes Salz herzustellen.... Weiter &raquo;
