{"version":"1.0","provider_name":"Rheine","provider_url":"https:\/\/friendsineurope.com\/de-rheine","author_name":"gerdcosse","author_url":"https:\/\/friendsineurope.com\/de-rheine\/author\/gerdcosse\/","title":"Einiges los in der Stadtbibliothek Rheine &#8211;","type":"rich","width":600,"height":338,"html":"<blockquote class=\"wp-embedded-content\" data-secret=\"nt4tuF64Zc\"><a href=\"https:\/\/friendsineurope.com\/de-rheine\/2022\/06\/22\/einiges-los-in-der-stadtbibliothek-rheine\/\">Einiges los in der Stadtbibliothek Rheine<\/a><\/blockquote><iframe sandbox=\"allow-scripts\" security=\"restricted\" src=\"https:\/\/friendsineurope.com\/de-rheine\/2022\/06\/22\/einiges-los-in-der-stadtbibliothek-rheine\/embed\/#?secret=nt4tuF64Zc\" width=\"600\" height=\"338\" title=\"&#8222;Einiges los in der Stadtbibliothek Rheine&#8220; &#8211; Rheine\" data-secret=\"nt4tuF64Zc\" frameborder=\"0\" marginwidth=\"0\" marginheight=\"0\" scrolling=\"no\" class=\"wp-embedded-content\"><\/iframe><script type=\"text\/javascript\">\n\/* <![CDATA[ *\/\n\/*! This file is auto-generated *\/\n!function(d,l){\"use strict\";l.querySelector&&d.addEventListener&&\"undefined\"!=typeof URL&&(d.wp=d.wp||{},d.wp.receiveEmbedMessage||(d.wp.receiveEmbedMessage=function(e){var t=e.data;if((t||t.secret||t.message||t.value)&&!\/[^a-zA-Z0-9]\/.test(t.secret)){for(var s,r,n,a=l.querySelectorAll('iframe[data-secret=\"'+t.secret+'\"]'),o=l.querySelectorAll('blockquote[data-secret=\"'+t.secret+'\"]'),c=new RegExp(\"^https?:$\",\"i\"),i=0;i<o.length;i++)o[i].style.display=\"none\";for(i=0;i<a.length;i++)s=a[i],e.source===s.contentWindow&&(s.removeAttribute(\"style\"),\"height\"===t.message?(1e3<(r=parseInt(t.value,10))?r=1e3:~~r<200&&(r=200),s.height=r):\"link\"===t.message&&(r=new URL(s.getAttribute(\"src\")),n=new URL(t.value),c.test(n.protocol))&&n.host===r.host&&l.activeElement===s&&(d.top.location.href=t.value))}},d.addEventListener(\"message\",d.wp.receiveEmbedMessage,!1),l.addEventListener(\"DOMContentLoaded\",function(){for(var e,t,s=l.querySelectorAll(\"iframe.wp-embedded-content\"),r=0;r<s.length;r++)(t=(e=s[r]).getAttribute(\"data-secret\"))||(t=Math.random().toString(36).substring(2,12),e.src+=\"#?secret=\"+t,e.setAttribute(\"data-secret\",t)),e.contentWindow.postMessage({message:\"ready\",secret:t},\"*\")},!1)))}(window,document);\n\/\/# sourceURL=https:\/\/friendsineurope.com\/de-rheine\/wp-includes\/js\/wp-embed.min.js\n\/* ]]> *\/\n<\/script>\n","thumbnail_url":"https:\/\/friendsineurope.com\/de-rheine\/wp-content\/uploads\/2022\/06\/busch1.jpeg","thumbnail_width":2267,"thumbnail_height":1289,"description":"Rheine. Gro\u00dfe Ver\u00e4nderungen bei der Stadtbibliothek k\u00fcndigen sich an. Sobald das Hertie-Geb\u00e4ude vollst\u00e4ndig abgerissen ist, beginnen die Arbeiten am Umbau des Rathauszentrums. Das betrifft auch die Stadtbibliothek, sie wird f\u00fcr die Zeit der Umbauarbeiten ausgelagert. Am 22. August 2022 stehen dann die Umzugswagen vor der der T\u00fcr, Ziel ist der ehemalige Toom-Markt an der Osnabr\u00fccker... Weiter &raquo;"}

Rheine. Große Veränderungen bei der Stadtbibliothek kündigen sich an. Sobald das Hertie-Gebäude vollständig abgerissen ist, beginnen die Arbeiten am Umbau des Rathauszentrums. Das betrifft auch die Stadtbibliothek, sie wird für die Zeit der Umbauarbeiten ausgelagert. Am 22. August 2022 stehen dann die Umzugswagen vor der der Tür, Ziel ist der ehemalige Toom-Markt an der Osnabrücker... Weiter &raquo;
