{"version":"1.0","provider_name":"Rheine","provider_url":"https:\/\/friendsineurope.com\/de-rheine","author_name":"gerdcosse","author_url":"https:\/\/friendsineurope.com\/de-rheine\/author\/gerdcosse\/","title":"Endspurt beim STADTRADELN 2022 in Rheine &#8211;","type":"rich","width":600,"height":338,"html":"<blockquote class=\"wp-embedded-content\" data-secret=\"uzEEtvuuE5\"><a href=\"https:\/\/friendsineurope.com\/de-rheine\/2022\/06\/14\/endspurt-beim-stadtradeln-2022-in-rheine\/\">Endspurt beim STADTRADELN 2022 in Rheine<\/a><\/blockquote><iframe sandbox=\"allow-scripts\" security=\"restricted\" src=\"https:\/\/friendsineurope.com\/de-rheine\/2022\/06\/14\/endspurt-beim-stadtradeln-2022-in-rheine\/embed\/#?secret=uzEEtvuuE5\" width=\"600\" height=\"338\" title=\"&#8222;Endspurt beim STADTRADELN 2022 in Rheine&#8220; &#8211; Rheine\" data-secret=\"uzEEtvuuE5\" frameborder=\"0\" marginwidth=\"0\" marginheight=\"0\" scrolling=\"no\" class=\"wp-embedded-content\"><\/iframe><script type=\"text\/javascript\">\n\/* <![CDATA[ *\/\n\/*! This file is auto-generated *\/\n!function(d,l){\"use strict\";l.querySelector&&d.addEventListener&&\"undefined\"!=typeof URL&&(d.wp=d.wp||{},d.wp.receiveEmbedMessage||(d.wp.receiveEmbedMessage=function(e){var t=e.data;if((t||t.secret||t.message||t.value)&&!\/[^a-zA-Z0-9]\/.test(t.secret)){for(var s,r,n,a=l.querySelectorAll('iframe[data-secret=\"'+t.secret+'\"]'),o=l.querySelectorAll('blockquote[data-secret=\"'+t.secret+'\"]'),c=new RegExp(\"^https?:$\",\"i\"),i=0;i<o.length;i++)o[i].style.display=\"none\";for(i=0;i<a.length;i++)s=a[i],e.source===s.contentWindow&&(s.removeAttribute(\"style\"),\"height\"===t.message?(1e3<(r=parseInt(t.value,10))?r=1e3:~~r<200&&(r=200),s.height=r):\"link\"===t.message&&(r=new URL(s.getAttribute(\"src\")),n=new URL(t.value),c.test(n.protocol))&&n.host===r.host&&l.activeElement===s&&(d.top.location.href=t.value))}},d.addEventListener(\"message\",d.wp.receiveEmbedMessage,!1),l.addEventListener(\"DOMContentLoaded\",function(){for(var e,t,s=l.querySelectorAll(\"iframe.wp-embedded-content\"),r=0;r<s.length;r++)(t=(e=s[r]).getAttribute(\"data-secret\"))||(t=Math.random().toString(36).substring(2,12),e.src+=\"#?secret=\"+t,e.setAttribute(\"data-secret\",t)),e.contentWindow.postMessage({message:\"ready\",secret:t},\"*\")},!1)))}(window,document);\n\/\/# sourceURL=https:\/\/friendsineurope.com\/de-rheine\/wp-includes\/js\/wp-embed.min.js\n\/* ]]> *\/\n<\/script>\n","thumbnail_url":"https:\/\/friendsineurope.com\/de-rheine\/wp-content\/uploads\/2022\/06\/stadtradeln.jpg","thumbnail_width":389,"thumbnail_height":129,"description":"Eintragungen in die Radeltageb\u00fccher sind innerhalb von sieben Tagen noch noch m\u00f6glich Rheine. Die Organisatoren und Verantwortlichen der Stadt sind begeistert: Wieder einmal hat das gro\u00dfe Engagement der B\u00fcrgerinnen und B\u00fcrger von Rheine dazu gef\u00fchrt, dass die Stadt sich an die Spitze des Wettbewerbsfeldes setzen konnte. Mit einer gro\u00dfartigen gemeinsamen Leistung von 500.000 gemeinsam geradelten... Weiter &raquo;"}

Eintragungen in die Radeltagebücher sind innerhalb von sieben Tagen noch noch möglich Rheine. Die Organisatoren und Verantwortlichen der Stadt sind begeistert: Wieder einmal hat das große Engagement der Bürgerinnen und Bürger von Rheine dazu geführt, dass die Stadt sich an die Spitze des Wettbewerbsfeldes setzen konnte. Mit einer großartigen gemeinsamen Leistung von 500.000 gemeinsam geradelten... Weiter &raquo;
