{"version":"1.0","provider_name":"Rheine","provider_url":"https:\/\/friendsineurope.com\/de-rheine","author_name":"gerdcosse","author_url":"https:\/\/friendsineurope.com\/de-rheine\/author\/gerdcosse\/","title":"Gedenken in Borne &#8211;","type":"rich","width":600,"height":338,"html":"<blockquote class=\"wp-embedded-content\" data-secret=\"kWUAm0XAFk\"><a href=\"https:\/\/friendsineurope.com\/de-rheine\/2022\/05\/05\/gedenken-in-borne\/\">Gedenken in Borne<\/a><\/blockquote><iframe sandbox=\"allow-scripts\" security=\"restricted\" src=\"https:\/\/friendsineurope.com\/de-rheine\/2022\/05\/05\/gedenken-in-borne\/embed\/#?secret=kWUAm0XAFk\" width=\"600\" height=\"338\" title=\"&#8222;Gedenken in Borne&#8220; &#8211; Rheine\" data-secret=\"kWUAm0XAFk\" frameborder=\"0\" marginwidth=\"0\" marginheight=\"0\" scrolling=\"no\" class=\"wp-embedded-content\"><\/iframe><script>\n\/*! This file is auto-generated *\/\n!function(d,l){\"use strict\";l.querySelector&&d.addEventListener&&\"undefined\"!=typeof URL&&(d.wp=d.wp||{},d.wp.receiveEmbedMessage||(d.wp.receiveEmbedMessage=function(e){var t=e.data;if((t||t.secret||t.message||t.value)&&!\/[^a-zA-Z0-9]\/.test(t.secret)){for(var s,r,n,a=l.querySelectorAll('iframe[data-secret=\"'+t.secret+'\"]'),o=l.querySelectorAll('blockquote[data-secret=\"'+t.secret+'\"]'),c=new RegExp(\"^https?:$\",\"i\"),i=0;i<o.length;i++)o[i].style.display=\"none\";for(i=0;i<a.length;i++)s=a[i],e.source===s.contentWindow&&(s.removeAttribute(\"style\"),\"height\"===t.message?(1e3<(r=parseInt(t.value,10))?r=1e3:~~r<200&&(r=200),s.height=r):\"link\"===t.message&&(r=new URL(s.getAttribute(\"src\")),n=new URL(t.value),c.test(n.protocol))&&n.host===r.host&&l.activeElement===s&&(d.top.location.href=t.value))}},d.addEventListener(\"message\",d.wp.receiveEmbedMessage,!1),l.addEventListener(\"DOMContentLoaded\",function(){for(var e,t,s=l.querySelectorAll(\"iframe.wp-embedded-content\"),r=0;r<s.length;r++)(t=(e=s[r]).getAttribute(\"data-secret\"))||(t=Math.random().toString(36).substring(2,12),e.src+=\"#?secret=\"+t,e.setAttribute(\"data-secret\",t)),e.contentWindow.postMessage({message:\"ready\",secret:t},\"*\")},!1)))}(window,document);\n\/\/# sourceURL=https:\/\/friendsineurope.com\/de-rheine\/wp-includes\/js\/wp-embed.min.js\n<\/script>\n","thumbnail_url":"https:\/\/friendsineurope.com\/de-rheine\/wp-content\/uploads\/2022\/05\/peter-2.jpg","thumbnail_width":960,"thumbnail_height":600,"description":"B\u00fcrgermeister Dr. Peter L\u00fcttmann berichtet heute \u00fcber einen besonderen Abend in unserer Partnerstadt Borne: Das war gestern Abend ein ganz besonderer Moment: Zum ersten Mal waren wir von unserer Parnerstadt Borne zum nationalen Gedenkfeiertag eingeladen (\u201eNationale Dodenherdenking\u201c). Jedes Jahr am 4. Mai wird in den Niederlanden an die niederl\u00e4ndischen Opfer des Zweiten Weltkrieges gedacht. Gemeinsam... Weiter &raquo;"}

Bürgermeister Dr. Peter Lüttmann berichtet heute über einen besonderen Abend in unserer Partnerstadt Borne: Das war gestern Abend ein ganz besonderer Moment: Zum ersten Mal waren wir von unserer Parnerstadt Borne zum nationalen Gedenkfeiertag eingeladen („Nationale Dodenherdenking“). Jedes Jahr am 4. Mai wird in den Niederlanden an die niederländischen Opfer des Zweiten Weltkrieges gedacht. Gemeinsam... Weiter &raquo;
