{"version":"1.0","provider_name":"Rheine","provider_url":"https:\/\/friendsineurope.com\/de-rheine","author_name":"gerdcosse","author_url":"https:\/\/friendsineurope.com\/de-rheine\/author\/gerdcosse\/","title":"STADTRADELN 2022 \u2013 Anmeldungen ab sofort m\u00f6glich! &#8211;","type":"rich","width":600,"height":338,"html":"<blockquote class=\"wp-embedded-content\" data-secret=\"aWselc2JJJ\"><a href=\"https:\/\/friendsineurope.com\/de-rheine\/2022\/04\/12\/stadtradeln-2022-anmeldungen-ab-sofort-moeglich\/\">STADTRADELN 2022 \u2013 Anmeldungen ab sofort m\u00f6glich!<\/a><\/blockquote><iframe sandbox=\"allow-scripts\" security=\"restricted\" src=\"https:\/\/friendsineurope.com\/de-rheine\/2022\/04\/12\/stadtradeln-2022-anmeldungen-ab-sofort-moeglich\/embed\/#?secret=aWselc2JJJ\" width=\"600\" height=\"338\" title=\"&#8222;STADTRADELN 2022 \u2013 Anmeldungen ab sofort m\u00f6glich!&#8220; &#8211; Rheine\" data-secret=\"aWselc2JJJ\" frameborder=\"0\" marginwidth=\"0\" marginheight=\"0\" scrolling=\"no\" class=\"wp-embedded-content\"><\/iframe><script type=\"text\/javascript\">\n\/* <![CDATA[ *\/\n\/*! This file is auto-generated *\/\n!function(d,l){\"use strict\";l.querySelector&&d.addEventListener&&\"undefined\"!=typeof URL&&(d.wp=d.wp||{},d.wp.receiveEmbedMessage||(d.wp.receiveEmbedMessage=function(e){var t=e.data;if((t||t.secret||t.message||t.value)&&!\/[^a-zA-Z0-9]\/.test(t.secret)){for(var s,r,n,a=l.querySelectorAll('iframe[data-secret=\"'+t.secret+'\"]'),o=l.querySelectorAll('blockquote[data-secret=\"'+t.secret+'\"]'),c=new RegExp(\"^https?:$\",\"i\"),i=0;i<o.length;i++)o[i].style.display=\"none\";for(i=0;i<a.length;i++)s=a[i],e.source===s.contentWindow&&(s.removeAttribute(\"style\"),\"height\"===t.message?(1e3<(r=parseInt(t.value,10))?r=1e3:~~r<200&&(r=200),s.height=r):\"link\"===t.message&&(r=new URL(s.getAttribute(\"src\")),n=new URL(t.value),c.test(n.protocol))&&n.host===r.host&&l.activeElement===s&&(d.top.location.href=t.value))}},d.addEventListener(\"message\",d.wp.receiveEmbedMessage,!1),l.addEventListener(\"DOMContentLoaded\",function(){for(var e,t,s=l.querySelectorAll(\"iframe.wp-embedded-content\"),r=0;r<s.length;r++)(t=(e=s[r]).getAttribute(\"data-secret\"))||(t=Math.random().toString(36).substring(2,12),e.src+=\"#?secret=\"+t,e.setAttribute(\"data-secret\",t)),e.contentWindow.postMessage({message:\"ready\",secret:t},\"*\")},!1)))}(window,document);\n\/\/# sourceURL=https:\/\/friendsineurope.com\/de-rheine\/wp-includes\/js\/wp-embed.min.js\n\/* ]]> *\/\n<\/script>\n","thumbnail_url":"https:\/\/friendsineurope.com\/de-rheine\/wp-content\/uploads\/2022\/04\/stadtradeln-044-cklima-buendnis-scaled.jpg","thumbnail_width":2560,"thumbnail_height":1706,"description":"Die Stadt Rheine schwingt sich f\u00fcr ein gutes Klima in diesem Jahr wieder auf den Sattel! Rheine. Seit 2017 treten die B\u00fcrgerinnen und B\u00fcrger der Stadt Rheine bei der Kampagne STADTRADELN des Klima-B\u00fcndnisses f\u00fcr mehr Klimaschutz und Radverkehr sehr erfolgreich und kr\u00e4ftig in die Pedale. Und auch in diesem Jahr vom 26.05. bis zum 15.06.2022... Weiter &raquo;"}

STADTRADELN 2022 – Anmeldungen ab sofort möglich! &#8211;

<blockquote class="wp-embedded-content" data-secret="aWselc2JJJ"><a href="https://friendsineurope.com/de-rheine/2022/04/12/stadtradeln-2022-anmeldungen-ab-sofort-moeglich/">STADTRADELN 2022 – Anmeldungen ab sofort möglich!</a></blockquote><iframe sandbox="allow-scripts" security="restricted" src="https://friendsineurope.com/de-rheine/2022/04/12/stadtradeln-2022-anmeldungen-ab-sofort-moeglich/embed/#?secret=aWselc2JJJ" width="600" height="338" title="&#8222;STADTRADELN 2022 – Anmeldungen ab sofort möglich!&#8220; &#8211; Rheine" data-secret="aWselc2JJJ" frameborder="0" marginwidth="0" marginheight="0" scrolling="no" class="wp-embedded-content"></iframe><script type="text/javascript">
/* <![CDATA[ */
/*! This file is auto-generated */
!function(d,l){"use strict";l.querySelector&&d.addEventListener&&"undefined"!=typeof URL&&(d.wp=d.wp||{},d.wp.receiveEmbedMessage||(d.wp.receiveEmbedMessage=function(e){var t=e.data;if((t||t.secret||t.message||t.value)&&!/[^a-zA-Z0-9]/.test(t.secret)){for(var s,r,n,a=l.querySelectorAll('iframe[data-secret="'+t.secret+'"]'),o=l.querySelectorAll('blockquote[data-secret="'+t.secret+'"]'),c=new RegExp("^https?:$","i"),i=0;i<o.length;i++)o[i].style.display="none";for(i=0;i<a.length;i++)s=a[i],e.source===s.contentWindow&&(s.removeAttribute("style"),"height"===t.message?(1e3<(r=parseInt(t.value,10))?r=1e3:~~r<200&&(r=200),s.height=r):"link"===t.message&&(r=new URL(s.getAttribute("src")),n=new URL(t.value),c.test(n.protocol))&&n.host===r.host&&l.activeElement===s&&(d.top.location.href=t.value))}},d.addEventListener("message",d.wp.receiveEmbedMessage,!1),l.addEventListener("DOMContentLoaded",function(){for(var e,t,s=l.querySelectorAll("iframe.wp-embedded-content"),r=0;r<s.length;r++)(t=(e=s[r]).getAttribute("data-secret"))||(t=Math.random().toString(36).substring(2,12),e.src+="#?secret="+t,e.setAttribute("data-secret",t)),e.contentWindow.postMessage({message:"ready",secret:t},"*")},!1)))}(window,document);
//# sourceURL=https://friendsineurope.com/de-rheine/wp-includes/js/wp-embed.min.js
/* ]]> */
</script>

Die Stadt Rheine schwingt sich für ein gutes Klima in diesem Jahr wieder auf den Sattel! Rheine. Seit 2017 treten die Bürgerinnen und Bürger der Stadt Rheine bei der Kampagne STADTRADELN des Klima-Bündnisses für mehr Klimaschutz und Radverkehr sehr erfolgreich und kräftig in die Pedale. Und auch in diesem Jahr vom 26.05. bis zum 15.06.2022... Weiter &raquo;
